{"id":44,"date":"2025-12-01T10:08:15","date_gmt":"2025-12-01T10:08:15","guid":{"rendered":"https:\/\/esenyurtelektrik.com.tr\/?page_id=44"},"modified":"2025-12-01T10:12:33","modified_gmt":"2025-12-01T10:12:33","slug":"teknik-servis-hizmeti","status":"publish","type":"page","link":"https:\/\/esenyurtelektrik.com.tr\/?page_id=44","title":{"rendered":"Teknik  Servis Hizmeti"},"content":{"rendered":"\t\t<div data-elementor-type=\"wp-page\" data-elementor-id=\"44\" class=\"elementor elementor-44\">\n\t\t\t\t<div class=\"elementor-element elementor-element-b2d9d8c e-flex e-con-boxed e-con e-parent\" data-id=\"b2d9d8c\" data-element_type=\"container\" data-e-type=\"container\">\n\t\t\t\t\t<div class=\"e-con-inner\">\n\t\t\t\t<div class=\"elementor-element elementor-element-0da02ca elementor-widget elementor-widget-heading\" data-id=\"0da02ca\" data-element_type=\"widget\" data-e-type=\"widget\" data-widget_type=\"heading.default\">\n\t\t\t\t\t<h2 class=\"elementor-heading-title elementor-size-default\">\ud83d\udccc ESENYURT &amp; BEYL\u0130KD\u00dcZ\u00dc TEKN\u0130K SERV\u0130S \u2013 ELEKTR\u0130K, G\u00dcVENL\u0130K KAMERASI, TELEV\u0130ZYON, B\u0130LG\u0130SAYAR TAM\u0130R\u0130<\/h2>\t\t\t\t<\/div>\n\t\t\t\t\t<\/div>\n\t\t\t\t<\/div>\n\t\t<div class=\"elementor-element elementor-element-1ac06d4 e-flex e-con-boxed e-con e-parent\" data-id=\"1ac06d4\" data-element_type=\"container\" data-e-type=\"container\">\n\t\t\t\t\t<div class=\"e-con-inner\">\n\t\t\t\t<div class=\"elementor-element elementor-element-32ddc04 elementor-widget elementor-widget-text-editor\" data-id=\"32ddc04\" data-element_type=\"widget\" data-e-type=\"widget\" data-widget_type=\"text-editor.default\">\n\t\t\t\t\t\t\t\t\t<p data-start=\"440\" data-end=\"708\"><strong data-start=\"440\" data-end=\"522\">Esenyurt ve Beylikd\u00fcz\u00fc b\u00f6lgesinde profesyonel teknik servis hizmeti veriyoruz.<\/strong> Elektrik ar\u0131zalar\u0131ndan g\u00fcvenlik kameras\u0131 kurulumuna, televizyon tamirinden bilgisayar bak\u0131m ve onar\u0131m\u0131na kadar t\u00fcm teknik ihtiya\u00e7lar\u0131n\u0131z i\u00e7in uzman ekibimizle h\u0131zl\u0131 hizmet sa\u011fl\u0131yoruz.<\/p><p data-start=\"710\" data-end=\"889\"><strong data-start=\"710\" data-end=\"753\">STC \u0130leti\u015fim &amp; Elektronik Teknik Servis<\/strong> olarak ayn\u0131 g\u00fcn \u00e7\u00f6z\u00fcm, garantili hizmet ve uygun fiyat politikas\u0131yla \u0130stanbul\u2019un Avrupa Yakas\u0131\u2019nda profesyonel teknik destek sunuyoruz.<\/p><hr data-start=\"891\" data-end=\"894\" \/><h1 data-start=\"896\" data-end=\"950\"><strong data-start=\"898\" data-end=\"950\">\u2714 ESENYURT \u2013 BEYL\u0130KD\u00dcZ\u00dc TEKN\u0130K SERV\u0130S H\u0130ZMETLER\u0130<\/strong><\/h1><h2 data-start=\"952\" data-end=\"1003\"><strong data-start=\"955\" data-end=\"1003\">1\ufe0f\u20e3 Elektrik Ar\u0131za &amp; Elektrik Teknik Servisi<\/strong><\/h2><p data-start=\"1004\" data-end=\"1110\">Esenyurt ve Beylikd\u00fcz\u00fc\u2019nde elektrik ar\u0131zalar\u0131 i\u00e7in h\u0131zl\u0131 m\u00fcdahale ve profesyonel tamir hizmeti sa\u011fl\u0131yoruz.<\/p><h3 data-start=\"1112\" data-end=\"1147\"><strong data-start=\"1116\" data-end=\"1147\">Sunulan Elektrik Hizmetleri<\/strong><\/h3><ul data-start=\"1148\" data-end=\"1344\"><li data-start=\"1148\" data-end=\"1168\"><p data-start=\"1150\" data-end=\"1168\">K\u0131sa devre ar\u0131zas\u0131<\/p><\/li><li data-start=\"1169\" data-end=\"1195\"><p data-start=\"1171\" data-end=\"1195\">Sigorta \u2013 pano sorunlar\u0131<\/p><\/li><li data-start=\"1196\" data-end=\"1221\"><p data-start=\"1198\" data-end=\"1221\">Priz \u2013 anahtar de\u011fi\u015fimi<\/p><\/li><li data-start=\"1222\" data-end=\"1242\"><p data-start=\"1224\" data-end=\"1242\">Ayd\u0131nlatma montaj\u0131<\/p><\/li><li data-start=\"1243\" data-end=\"1282\"><p data-start=\"1245\" data-end=\"1282\">Kablolama, elektrik tesisat\u0131 yenileme<\/p><\/li><li data-start=\"1283\" data-end=\"1311\"><p data-start=\"1285\" data-end=\"1311\">Ka\u00e7ak ak\u0131m r\u00f6lesi kurulumu<\/p><\/li><li data-start=\"1312\" data-end=\"1344\"><p data-start=\"1314\" data-end=\"1344\">Ofis \u2013 i\u015f yeri elektrik bak\u0131m\u0131<\/p><\/li><\/ul><p data-start=\"1346\" data-end=\"1471\"><strong data-start=\"1346\" data-end=\"1365\">SEO Kelimeleri:<\/strong><br data-start=\"1365\" data-end=\"1368\" \/><em data-start=\"1368\" data-end=\"1471\">Esenyurt elektrik\u00e7i, Beylikd\u00fcz\u00fc elektrik teknik servis, acil elektrik ar\u0131za, elektrik tamiri \u0130stanbul<\/em><\/p><hr data-start=\"1473\" data-end=\"1476\" \/><h2 data-start=\"1478\" data-end=\"1538\"><strong data-start=\"1481\" data-end=\"1538\">2\ufe0f\u20e3 G\u00fcvenlik Kameras\u0131 Kurulum &amp; Kamera Teknik Servisi<\/strong><\/h2><p data-start=\"1539\" data-end=\"1599\">\u0130\u015f yeri ve evler i\u00e7in profesyonel kamera kurulumu yap\u0131yoruz.<\/p><h3 data-start=\"1601\" data-end=\"1618\"><strong data-start=\"1605\" data-end=\"1618\">Hizmetler<\/strong><\/h3><ul data-start=\"1619\" data-end=\"1826\"><li data-start=\"1619\" data-end=\"1647\"><p data-start=\"1621\" data-end=\"1647\">AHD \u2013 IP kamera kurulumu<\/p><\/li><li data-start=\"1648\" data-end=\"1671\"><p data-start=\"1650\" data-end=\"1671\">Gece g\u00f6r\u00fc\u015fl\u00fc kamera<\/p><\/li><li data-start=\"1672\" data-end=\"1701\"><p data-start=\"1674\" data-end=\"1701\">Mobil uygulama ile izleme<\/p><\/li><li data-start=\"1702\" data-end=\"1723\"><p data-start=\"1704\" data-end=\"1723\">DVR \u2013 NVR kurulum<\/p><\/li><li data-start=\"1724\" data-end=\"1744\"><p data-start=\"1726\" data-end=\"1744\">HDD kay\u0131t d\u00fczeni<\/p><\/li><li data-start=\"1745\" data-end=\"1786\"><p data-start=\"1747\" data-end=\"1786\">Eski kamera sistemlerinin yenilenmesi<\/p><\/li><li data-start=\"1787\" data-end=\"1826\"><p data-start=\"1789\" data-end=\"1826\">Kamera ar\u0131za &amp; g\u00f6r\u00fcnt\u00fc kayb\u0131 \u00e7\u00f6z\u00fcm\u00fc<\/p><\/li><\/ul><p data-start=\"1828\" data-end=\"1953\"><strong data-start=\"1828\" data-end=\"1847\">SEO Kelimeleri:<\/strong><br data-start=\"1847\" data-end=\"1850\" \/><em data-start=\"1850\" data-end=\"1953\">Esenyurt g\u00fcvenlik kameras\u0131, Beylikd\u00fcz\u00fc kamera sistemi, kamera ar\u0131za servisi, \u0130stanbul kamera kurulumu<\/em><\/p><hr data-start=\"1955\" data-end=\"1958\" \/><h2 data-start=\"1960\" data-end=\"2008\"><strong data-start=\"1963\" data-end=\"2008\">3\ufe0f\u20e3 Televizyon Tamiri \u2013 TV Teknik Servisi<\/strong><\/h2><p data-start=\"2009\" data-end=\"2056\">Her marka ve model televizyon tamiri yap\u0131yoruz.<\/p><h3 data-start=\"2058\" data-end=\"2094\"><strong data-start=\"2062\" data-end=\"2094\">Televizyon Servis Hizmetleri<\/strong><\/h3><ul data-start=\"2095\" data-end=\"2267\"><li data-start=\"2095\" data-end=\"2112\"><p data-start=\"2097\" data-end=\"2112\">Ekran ar\u0131zas\u0131<\/p><\/li><li data-start=\"2113\" data-end=\"2135\"><p data-start=\"2115\" data-end=\"2135\">LED \u2013 Panel tamiri<\/p><\/li><li data-start=\"2136\" data-end=\"2166\"><p data-start=\"2138\" data-end=\"2166\">Ses var g\u00f6r\u00fcnt\u00fc yok sorunu<\/p><\/li><li data-start=\"2167\" data-end=\"2203\"><p data-start=\"2169\" data-end=\"2203\">Kanal ayar\u0131 \u2013 yaz\u0131l\u0131m g\u00fcncelleme<\/p><\/li><li data-start=\"2204\" data-end=\"2225\"><p data-start=\"2206\" data-end=\"2225\">TV anakart tamiri<\/p><\/li><li data-start=\"2226\" data-end=\"2243\"><p data-start=\"2228\" data-end=\"2243\">Duvara montaj<\/p><\/li><li data-start=\"2244\" data-end=\"2267\"><p data-start=\"2246\" data-end=\"2267\">G\u00fc\u00e7 kayna\u011f\u0131 ar\u0131zas\u0131<\/p><\/li><\/ul><p data-start=\"2269\" data-end=\"2385\"><strong data-start=\"2269\" data-end=\"2288\">SEO Kelimeleri:<\/strong><br data-start=\"2288\" data-end=\"2291\" \/><em data-start=\"2291\" data-end=\"2385\">Beylikd\u00fcz\u00fc TV tamiri, Esenyurt televizyon servisi, TV a\u00e7\u0131lm\u0131yor \u00e7\u00f6z\u00fcm\u00fc, LED TV teknik servis<\/em><\/p><hr data-start=\"2387\" data-end=\"2390\" \/><h2 data-start=\"2392\" data-end=\"2447\"><strong data-start=\"2395\" data-end=\"2447\">4\ufe0f\u20e3 Bilgisayar \u2013 Laptop \u2013 Notebook Teknik Servis<\/strong><\/h2><p data-start=\"2448\" data-end=\"2519\">\u0130\u015fletmeler ve bireysel kullan\u0131c\u0131lar i\u00e7in profesyonel bilgisayar tamiri.<\/p><h3 data-start=\"2521\" data-end=\"2557\"><strong data-start=\"2525\" data-end=\"2557\">Bilgisayar Servis Hizmetleri<\/strong><\/h3><ul data-start=\"2558\" data-end=\"2766\"><li data-start=\"2558\" data-end=\"2586\"><p data-start=\"2560\" data-end=\"2586\">Format \u2013 Windows kurulum<\/p><\/li><li data-start=\"2587\" data-end=\"2627\"><p data-start=\"2589\" data-end=\"2627\">Yava\u015f \u00e7al\u0131\u015fan bilgisayar h\u0131zland\u0131rma<\/p><\/li><li data-start=\"2628\" data-end=\"2645\"><p data-start=\"2630\" data-end=\"2645\">Veri kurtarma<\/p><\/li><li data-start=\"2646\" data-end=\"2664\"><p data-start=\"2648\" data-end=\"2664\">Anakart tamiri<\/p><\/li><li data-start=\"2665\" data-end=\"2690\"><p data-start=\"2667\" data-end=\"2690\">Laptop mente\u015fe tamiri<\/p><\/li><li data-start=\"2691\" data-end=\"2713\"><p data-start=\"2693\" data-end=\"2713\">Fan \u2013 termal bak\u0131m<\/p><\/li><li data-start=\"2714\" data-end=\"2737\"><p data-start=\"2716\" data-end=\"2737\">Power sorunu \u00e7\u00f6z\u00fcm\u00fc<\/p><\/li><li data-start=\"2738\" data-end=\"2766\"><p data-start=\"2740\" data-end=\"2766\">Yaz\u0131l\u0131m \u2013 donan\u0131m tamiri<\/p><\/li><\/ul><p data-start=\"2768\" data-end=\"2895\"><strong data-start=\"2768\" data-end=\"2787\">SEO Kelimeleri:<\/strong><br data-start=\"2787\" data-end=\"2790\" \/><em data-start=\"2790\" data-end=\"2895\">Esenyurt bilgisayar tamiri, Beylikd\u00fcz\u00fc laptop servisi, bilgisayar format atma, notebook onar\u0131m \u0130stanbul<\/em><\/p><hr data-start=\"2897\" data-end=\"2900\" \/><h1 data-start=\"2902\" data-end=\"2943\"><strong data-start=\"2904\" data-end=\"2943\">\u2714 NEDEN STC \u0130LET\u0130\u015e\u0130M TEKN\u0130K SERV\u0130S?<\/strong><\/h1><ul data-start=\"2944\" data-end=\"3131\"><li data-start=\"2944\" data-end=\"2971\"><p data-start=\"2946\" data-end=\"2971\">Profesyonel teknik ekip<\/p><\/li><li data-start=\"2972\" data-end=\"3013\"><p data-start=\"2974\" data-end=\"3013\">Esenyurt \u2013 Beylikd\u00fcz\u00fc ayn\u0131 g\u00fcn servis<\/p><\/li><li data-start=\"3014\" data-end=\"3033\"><p data-start=\"3016\" data-end=\"3033\">Garantili tamir<\/p><\/li><li data-start=\"3034\" data-end=\"3058\"><p data-start=\"3036\" data-end=\"3058\">Orijinal yedek par\u00e7a<\/p><\/li><li data-start=\"3059\" data-end=\"3085\"><p data-start=\"3061\" data-end=\"3085\">Uygun fiyat politikas\u0131<\/p><\/li><li data-start=\"3086\" data-end=\"3108\"><p data-start=\"3088\" data-end=\"3108\">G\u00fcler y\u00fczl\u00fc hizmet<\/p><\/li><li data-start=\"3109\" data-end=\"3131\"><p data-start=\"3111\" data-end=\"3131\">7\/24 teknik destek<\/p><\/li><\/ul><hr data-start=\"3133\" data-end=\"3136\" \/><h1 data-start=\"3138\" data-end=\"3172\"><strong data-start=\"3140\" data-end=\"3172\">\u2714 H\u0130ZMET VERD\u0130\u011e\u0130M\u0130Z B\u00d6LGELER<\/strong><\/h1><ul data-start=\"3173\" data-end=\"3347\"><li data-start=\"3173\" data-end=\"3192\"><p data-start=\"3175\" data-end=\"3192\">Esenyurt merkez<\/p><\/li><li data-start=\"3193\" data-end=\"3218\"><p data-start=\"3195\" data-end=\"3218\">Beylikd\u00fcz\u00fc Bar\u0131\u015f Mah.<\/p><\/li><li data-start=\"3219\" data-end=\"3240\"><p data-start=\"3221\" data-end=\"3240\">Yakuplu \u2013 Kavakl\u0131<\/p><\/li><li data-start=\"3241\" data-end=\"3272\"><p data-start=\"3243\" data-end=\"3272\">Cumhuriyet, Koza, G\u00fczelyurt<\/p><\/li><li data-start=\"3273\" data-end=\"3299\"><p data-start=\"3275\" data-end=\"3299\">Saadetdere, Haramidere<\/p><\/li><li data-start=\"3300\" data-end=\"3347\"><p data-start=\"3302\" data-end=\"3347\">Avc\u0131lar \u2013 B\u00fcy\u00fck\u00e7ekmece \u2013 Ba\u015fak\u015fehir \u00e7evresi<\/p><\/li><\/ul><hr data-start=\"3349\" data-end=\"3352\" \/><h1 data-start=\"3354\" data-end=\"3371\"><strong data-start=\"3356\" data-end=\"3371\">\ud83d\udcde \u0130LET\u0130\u015e\u0130M<\/strong><\/h1><p data-start=\"3372\" data-end=\"3556\"><strong data-start=\"3372\" data-end=\"3426\">STC \u0130leti\u015fim &amp; Esenyurt \u2013 Beylikd\u00fcz\u00fc Teknik Servis<\/strong><br data-start=\"3426\" data-end=\"3429\" \/>\ud83d\udcf1 <strong data-start=\"3432\" data-end=\"3451\">0 535 668 74 22<\/strong><br data-start=\"3451\" data-end=\"3454\" \/>\ud83d\udd27 Elektrik \u2013 G\u00fcvenlik Kameras\u0131 \u2013 TV \u2013 Bilgisayar Teknik Servisi<br data-start=\"3518\" data-end=\"3521\" \/>\ud83d\udccd \u0130stanbul \u2013 Esenyurt \/ Beylikd\u00fcz\u00fc<\/p>\t\t\t\t\t\t\t\t<\/div>\n\t\t\t\t\t<\/div>\n\t\t\t\t<\/div>\n\t\t\t\t<\/div>\n\t\t","protected":false},"excerpt":{"rendered":"<p>\ud83d\udccc ESENYURT &amp; BEYL\u0130KD\u00dcZ\u00dc TEKN\u0130K SERV\u0130S \u2013 ELEKTR\u0130K, G\u00dcVENL\u0130K KAMERASI, TELEV\u0130ZYON, B\u0130LG\u0130SAYAR TAM\u0130R\u0130 Esenyurt ve Beylikd\u00fcz\u00fc b\u00f6lgesinde profesyonel teknik servis [&hellip;]<\/p>\n","protected":false},"author":1,"featured_media":0,"parent":0,"menu_order":0,"comment_status":"closed","ping_status":"closed","template":"","meta":{"site-sidebar-layout":"no-sidebar","site-content-layout":"","ast-site-content-layout":"full-width-container","site-content-style":"default","site-sidebar-style":"default","ast-global-header-display":"","ast-banner-title-visibility":"","ast-main-header-display":"","ast-hfb-above-header-display":"","ast-hfb-below-header-display":"","ast-hfb-mobile-header-display":"","site-post-title":"","ast-breadcrumbs-content":"","ast-featured-img":"disabled","footer-sml-layout":"","ast-disable-related-posts":"","theme-transparent-header-meta":"","adv-header-id-meta":"","stick-header-meta":"","header-above-stick-meta":"","header-main-stick-meta":"","header-below-stick-meta":"","astra-migrate-meta-layouts":"default","ast-page-background-enabled":"default","ast-page-background-meta":{"desktop":{"background-color":"var(--ast-global-color-5)","background-image":"","background-repeat":"repeat","background-position":"center center","background-size":"auto","background-attachment":"scroll","background-type":"","background-media":"","overlay-type":"","overlay-color":"","overlay-opacity":"","overlay-gradient":""},"tablet":{"background-color":"","background-image":"","background-repeat":"repeat","background-position":"center center","background-size":"auto","background-attachment":"scroll","background-type":"","background-media":"","overlay-type":"","overlay-color":"","overlay-opacity":"","overlay-gradient":""},"mobile":{"background-color":"","background-image":"","background-repeat":"repeat","background-position":"center center","background-size":"auto","background-attachment":"scroll","background-type":"","background-media":"","overlay-type":"","overlay-color":"","overlay-opacity":"","overlay-gradient":""}},"ast-content-background-meta":{"desktop":{"background-color":"var(--ast-global-color-4)","background-image":"","background-repeat":"repeat","background-position":"center center","background-size":"auto","background-attachment":"scroll","background-type":"","background-media":"","overlay-type":"","overlay-color":"","overlay-opacity":"","overlay-gradient":""},"tablet":{"background-color":"var(--ast-global-color-4)","background-image":"","background-repeat":"repeat","background-position":"center center","background-size":"auto","background-attachment":"scroll","background-type":"","background-media":"","overlay-type":"","overlay-color":"","overlay-opacity":"","overlay-gradient":""},"mobile":{"background-color":"var(--ast-global-color-4)","background-image":"","background-repeat":"repeat","background-position":"center center","background-size":"auto","background-attachment":"scroll","background-type":"","background-media":"","overlay-type":"","overlay-color":"","overlay-opacity":"","overlay-gradient":""}},"footnotes":""},"class_list":["post-44","page","type-page","status-publish","hentry"],"_links":{"self":[{"href":"https:\/\/esenyurtelektrik.com.tr\/index.php?rest_route=\/wp\/v2\/pages\/44","targetHints":{"allow":["GET"]}}],"collection":[{"href":"https:\/\/esenyurtelektrik.com.tr\/index.php?rest_route=\/wp\/v2\/pages"}],"about":[{"href":"https:\/\/esenyurtelektrik.com.tr\/index.php?rest_route=\/wp\/v2\/types\/page"}],"author":[{"embeddable":true,"href":"https:\/\/esenyurtelektrik.com.tr\/index.php?rest_route=\/wp\/v2\/users\/1"}],"replies":[{"embeddable":true,"href":"https:\/\/esenyurtelektrik.com.tr\/index.php?rest_route=%2Fwp%2Fv2%2Fcomments&post=44"}],"version-history":[{"count":5,"href":"https:\/\/esenyurtelektrik.com.tr\/index.php?rest_route=\/wp\/v2\/pages\/44\/revisions"}],"predecessor-version":[{"id":56,"href":"https:\/\/esenyurtelektrik.com.tr\/index.php?rest_route=\/wp\/v2\/pages\/44\/revisions\/56"}],"wp:attachment":[{"href":"https:\/\/esenyurtelektrik.com.tr\/index.php?rest_route=%2Fwp%2Fv2%2Fmedia&parent=44"}],"curies":[{"name":"wp","href":"https:\/\/api.w.org\/{rel}","templated":true}]}}